ivisor of 29970855 and 3960.
45
Calculate the highest common factor of 9220 and 2375040.
20
What is the highest common factor of 42005366 and 182?
26
What is the highest common divisor of 1934160 and 11184?
48
Calculate the highest common divisor of 106 and 15514.
2
What is the greatest common divisor of 5033886 and 715?
143
Calculate the greatest common divisor of 75301605 and 1395.
45
Calculate the greatest common divisor of 686 and 6305124.
98
What is the highest common factor of 3834 and 310767?
213
What is the highest common factor of 196 and 45641064?
28
Calculate the highest common factor of 4551 and 2520393.
123
Calculate the greatest common factor of 1433306 and 11242.
14
What is the highest common divisor of 269847 and 28089?
9
What is the highest common factor of 145148 and 87508?
524
Calculate the greatest common factor of 47466 and 2754.
162
Calculate the greatest common factor of 8 and 667378.
2
What is the greatest common factor of 4275411 and 1029?
21
Calculate the greatest common divisor of 1456889 and 1771.
161
Calculate the greatest common divisor of 411037 and 2082361.
3397
Calculate the highest common divisor of 22543936 and 128.
64
Calculate the greatest common factor of 11441 and 57256.
17
What is the highest common factor of 4239 and 246537?
27
Calculate the greatest common factor of 3486 and 14049.
21
Calculate the highest common factor of 255231 and 4782321.
1863
Calculate the greatest common factor of 848025838 and 242.
242
Calculate the greatest common divisor of 64435 and 9524545.
1315
What is the greatest common factor of 3277 and 17279302?
29
Calculate the greatest common divisor of 5680 and 2478610.
710
What is the highest common factor of 3283 and 11895877?
49
Calculate the greatest common divisor of 1817 and 1451323.
23
What is the greatest common factor of 1222270 and 1602736?
1838
What is the highest common factor of 1188 and 5141862?
198
What is the highest common factor of 85256700 and 10?
10
Calculate the greatest common factor of 146176239 and 33.
33
What is the greatest common divisor of 49852 and 472868?
484
What is the greatest common divisor of 3682 and 70830634?
3682
What is the greatest common divisor of 105 and 3270720?
15
What is the highest common divisor of 12 and 137218812?
12
What is the highest common factor of 23338 and 5429419?
1667
Calculate the highest common factor of 160928 and 1047209.
107
Calculate the greatest common divisor of 464554 and 43999.
23
Calculate the highest common divisor of 546 and 1477138.
26
What is the greatest common factor of 7654720 and 73022?
2518
Calculate the greatest common divisor of 15946466 and 237.
79
Calculate the greatest common divisor of 10010606 and 7410.
38
Calculate the highest common factor of 139875 and 142250.
125
Calculate the highest common factor of 83706975 and 3410.
1705
What is the greatest common factor of 17608 and 382664?
248
Calculate the highest common factor of 3292842 and 15834.
42
What is the highest common factor of 383572 and 1376018?
1862
What is the highest common factor of 699403 and 59249?
331
What is the highest common factor of 252 and 5761161?
63
What is the greatest common divisor of 924 and 313194?
42
Calculate the greatest common divisor of 740 and 12730405.
185
What is the greatest common factor of 1967425660 and 2060?
2060
What is the highest common factor of 1319274 and 38907?
297
What is the highest common factor of 200 and 31575350?
50
Calculate the highest common divisor of 109326613 and 69.
23
What is the greatest common divisor of 3590 and 42530?
10
What is the greatest common divisor of 1227 and 29398511?
409
Calculate the greatest common factor of 17063703 and 801.
801
What is the highest common divisor of 31 and 57417983?
31
What is the highest common factor of 16 and 763487056?
16
What is the highest common factor of 866 and 232007462?
866
What is the highest common divisor of 131688 and 1725832?
248
Calculate the highest common factor of 2 and 68160873.
1
Calculate the highest common divisor of 6 and 10048716.
6
Calculate the highest common divisor of 108 and 3673008.
36
What is the highest common divisor of 33657750 and 84?
42
What is the greatest common factor of 1026262047 and 10446?
5223
Calculate the greatest common divisor of 48 and 1595504.
16
Calculate the highest common divisor of 615714 and 54606.
114
What is the greatest common factor of 126296145 and 4131?
459
What is the greatest common factor of 4218 and 200656587?
2109
What is the highest common factor of 110 and 433824490?
110
Calculate the highest common divisor of 99572 and 219511.
2263
Calculate the highest common divisor of 4282097 and 1616.
101
What is the greatest common factor of 65436 and 558912?
492
What is the greatest common factor of 316784 and 3952?
208
Calculate the greatest common divisor of 257429 and 1143508.
127
What is the highest common divisor of 29860185 and 30?
15
What is the highest common factor of 8844 and 90718?
134
What is the highest common divisor of 28 and 15086029?
7
Calculate the greatest common divisor of 115222198 and 52.
26
What is the greatest common divisor of 272 and 8719120?
16
Calculate the highest common divisor of 12248 and 296.
8
What is the greatest common divisor of 5275065 and 95?
95
What is the greatest common divisor of 133378560 and 6480?
720
What is the highest common factor of 176979488 and 96?
32
Calculate the greatest common factor of 218158576 and 11584.
2896
Calculate the greatest common divisor of 780 and 72867756.
156
What is the greatest common factor of 435834107 and 317?
317
What is the highest common factor of 44000 and 135360?
160
What is the greatest common factor of 74118200 and 377?
377
What is the greatest common factor of 2024517 and 5983?
31
Calculate the greatest common divisor of 97 and 67523.
1
Calculate the highest common factor of 8595520 and 240.
80
Calculate the highest common divisor of 675 and 13834350.
225
What is the highest common factor of 4998 and 3267383?
119
What is the highest common divisor of 26291 and 35807?
61
Calculate the highest common factor of 3577 and 25242889.
3577
Calculate the greatest common divisor of 983760576 and 1536.
192
What is the greatest common factor of 132840 and 496674?
738
Calculate the highest common divisor of 2343 and 42671.
71
Calculate the greatest common factor of 57984 and 2679042.
906
Calculate the greatest common factor of 68346940 and 620.
620
Calculate the highest common divisor of 396 and 210724173.
99
What is the greatest common factor of 3813 and 113065618?
1271
Calculate the highest common divisor of 70773885 and 626535.
12285
What is the highest common divisor of 958460840 and 40?
40
What is the highest common divisor of 324 and 23797488?
12
Calculate the highest common divisor of 170 and 2268905.
85
What is the greatest common factor of 673865 and 8289?
307
What is the greatest common factor of 214028972 and 104984?
4772
Calculate the highest common factor of 18056 and 246378634.
4514
Calculate the highest common factor of 180 and 53547660.
180
What is the greatest common factor of 21870 and 117320?
10
Calculate the highest common factor of 60550 and 33334.
14
What is the highest common divisor of 740251 and 3127?
53
Calculate the highest common factor of 29523732 and 60.
12
Calculate the highest common factor of 46560 and 21810.
30
Calculate the greatest common factor of 34822 and 1900070.
1514
What is the highest common divisor of 160 and 6577992?
8
Calculate the highest common divisor of 271427 and 2730.
13
Calculate the highest common divisor of 74767 and 30367054.
971
What is the greatest common factor of 1 and 15516064?
1
What is the greatest common divisor of 13762 and 46462478?
1966
Calculate the greatest common divisor of 141856 and 510632.
248
What is the highest common divisor of 11563515 and 306?
9
Calculate the greatest common divisor of 490 and 2656090.
10
Calculate the greatest common divisor of 1115206 and 2057330.
634
Calculate the highest common factor of 6144 and 735552.
192
What is the greatest common divisor of 472490 and 1670?
10
Calculate the greatest common divisor of 246598551 and 9.
9
What is the greatest common factor of 115395 and 6608130?
2355
What is the greatest common factor of